(46/10)/((-1)/s)?
3
Suppose -a = 1 - 10. What is the units digit of a?
9
Let c = 117 - 26. What is the units digit of c?
1
Let g(p) = 8*p**2 - 7*p + 13. What is the tens digit of g(4)?
1
Let h = 4 - -3. What is the units digit of 0/2 - (-6 - h)?
3
Suppose 5*r - 3 + 48 = n, 2*r = 2*n - 50. What is the tens digit of n?
2
Suppose 2*h - 10 = -4*g, 3*g - g + 3*h = 15. Suppose 0 = u, 7*u = 3*n + 2*u. Suppose n*c + 3*c - 18 = g. What is the units digit of c?
6
Let u(x) = x - 5. Let s be u(5). Let g = 18 - 4. Suppose 4*c - 10 - g = s. What is the units digit of c?
6
Let u = -6 - -1. Let d be (-48)/5 - (-2)/u. Let t = -5 - d. What is the units digit of t?
5
Suppose -3*o + 0*l - l = 9, -3*o = 2*l + 12. Let j = 2 - o. Suppose c + j*c = 2*p + 50, 4*p + 28 = c. What is the units digit of c?
8
Let w be (-2)/(3/(-36)*1). Let b = -5 - -5. Suppose y + b*y = 4, 2*v + 3*y = w. What is the units digit of v?
6
Suppose -l + 2*u = -289 - 143, -5*l + 2155 = -5*u. What is the hundreds digit of l?
4
Let l = -18 + 29. Suppose s - b + 12 = 0, 2*s = -8*b + 3*b + l. Let x(g) = g**3 + 8*g**2 + 7*g + 10. What is the tens digit of x(s)?
1
Let v(y) = 0*y + 2 - y - 4. Let m = -18 + 12. What is the units digit of v(m)?
4
Suppose 19*f - 16*f = 204. What is the tens digit of f?
6
Let h(c) = -c**3 + 6*c**2 - c - 7. Let d be h(6). Let u = 1 - d. What is the units digit of u?
4
Let l = -31 - -45. Suppose -4*m = -5*m + l. What is the tens digit of m?
1
Let x(n) = -n - 5. Let p be x(-5). Let h = 2 - p. What is the units digit of h?
2
What is the units digit of 1/5 + 2142/15 + 3?
6
Let d be (0 + -3)*(-3)/9. Let c be d + (0 - -2)/2. Suppose -20 = -4*j - q - 3*q, 3*j = c*q + 5. What is the units digit of j?
3
Suppose n + 2 = 1. Let f be 0*(0 - n - 0). Suppose -2*z + f*z + 32 = 0. What is the tens digit of z?
1
Let k = -8 - -8. Let v(o) = o**2 + 9. What is the units digit of v(k)?
9
Suppose 40 = 6*t - t. What is the units digit of t?
8
Suppose -5*p - 3*i = 6, -10 = -0*p + 2*p + 5*i. Suppose p = 4*y - 44 + 12. What is the units digit of y?
8
Let d = 2 - 9. Let q = 11 + d. What is the units digit of q?
4
Let k(y) = -y**2 + 6*y + 3. Let q be k(5). Let g be 145/3 + q/(-24). Suppose z = -2*z + g. What is the tens digit of z?
1
Let j(r) = -2*r - 2. Let w be j(-2). Suppose l = w*l + 13. Let m = l - -22. What is the units digit of m?
9
Let x = 40 + 24. What is the tens digit of x?
6
Let z be (-19)/(-7) - 40/(-140). Let c(f) = 3*f. Let g be c(1). Suppose g*q - 2 = -z*h + 25, -h + 3*q = -21. What is the units digit of h?
2
Let x = -41 + 63. Suppose x = 4*h - 2*h. Let n = h - 3. What is the units digit of n?
8
Let p = 573 + -349. What is the hundreds digit of p?
2
Let k(u) = u**3 - 2*u**2 - 3*u + 6. Let t be k(5). Suppose -t = -5*q + 49. What is the tens digit of q?
2
What is the units digit of 39 + -5 + (-1)/(-1)?
5
What is the units digit of (-3)/24 - 987/(-24)?
1
Let z(t) = -t**2 + 12*t - 3. Let d be z(9). What is the tens digit of ((-22)/(-3))/(16/d)?
1
Let n(p) = -20*p - 8. What is the units digit of n(-7)?
2
Let s(o) = 4*o**2 + o - 2. What is the units digit of s(-4)?
8
Let f = 40 + 45. What is the tens digit of f?
8
Let x be -2 - (2 - (-2 - -4)). Let l(u) = -u**3 - u**2 - 2*u - 2. What is the units digit of l(x)?
6
Let i(q) = -q**2 - q - 1. Let h(x) = -3*x**3 + 2*x**2 + x + 4. Let b(y) = -h(y) - 3*i(y). Let r be b(2). Suppose -2*l - 9 = -r. What is the tens digit of l?
1
Let b = 1 + -1. Suppose -2*c + 4 = -b*c. What is the units digit of c?
2
Suppose 29 = 4*l - 35. What is the units digit of l?
6
Suppose -4*y + 31 = -5*d, -3*y - d + 1 = -2*y. Suppose 4*b = 4*r - 84, -132 = -8*r + 3*r - y*b. What is the tens digit of r?
2
Let i(u) = -4*u + 28. What is the tens digit of i(-10)?
6
Let q(g) = g**2 - g + 4. Let r be q(0). Let s(m) = m**3 + 13*m**2 + 14*m + 16. Let l be s(-12). Let d = r - l. What is the units digit of d?
2
Let f = 2 - 0. Let k = f + -2. What is the units digit of 4/1 + (k - -2)?
6
Let t be (-5)/3 - 2/(-3). Let g = -1 - t. Let s = 10 - g. What is the tens digit of s?
1
Let a = -3 - -2. Let u be 2/(-4) - (-49)/14. What is the units digit of u + 2 - (-1 - a)?
5
Suppose -2*w + 139 = 3*m, 7*m - w = 2*m + 210. What is the tens digit of m?
4
What is the tens digit of ((-8)/(-5))/(8/220)?
4
Let u(b) = 5*b. Suppose -2*w - 3*w = -5. Let s be u(w). Suppose -3*n = s*d + 4, -d + 5*d + 18 = 5*n. What is the units digit of n?
2
Suppose r = 3*r. Suppose -m + q - 5*q + 3 = r, 2*m + 3*q = 6. Suppose m*w = 5 + 22. What is the units digit of w?
9
Let b(f) = -f - 2. Let d be b(-2). Let k = -4 - -10. Suppose 2*l - k = -d*l. What is the units digit of l?
3
Suppose -2*r + 2 = 0, -l + 4*r - 14 = 4*l. Let k be (l + 1 - 0)*-28. Suppose 2*x + 2*x - k = 0. What is the units digit of x?
7
Let i(h) = 17*h**2 - 3*h - 1. What is the units digit of i(-1)?
9
Let c be 12/10*(-15)/3. What is the units digit of (-26)/c + 10/(-30)?
4
Suppose -5*o + 2*k - 28 = 0, -2*k + 3 = o - 1. Let b be (-2 - (-2)/2)*o. What is the units digit of (4/6)/(b/6)?
1
Let w = -35 - -54. What is the tens digit of w?
1
Let p be (4 - 12/3)/1. Let m(x) = -x + 3 + 0*x + 5. What is the units digit of m(p)?
8
Let b(t) = -t - 1. What is the units digit of b(-8)?
7
Let y(t) = t**2 - 7*t + 4. Let d be 1 - 2 - (-2 + -4). Let a be y(d). Let h = a - -22. What is the tens digit of h?
1
Suppose 31 + 1 = 4*m. What is the units digit of m?
8
Let s(h) = -h**3 - 6*h**2 - 9*h + 14. What is the tens digit of s(-9)?
3
Suppose -14 = -2*s - 4*p, s + 9 = 4*s + 3*p. Let h be (-3 - (0 + 0))/s. Suppose 0 = 4*b - h*f - 26, -5*f + 0*f + 42 = 4*b. What is the units digit of b?
8
Suppose 0 = -g + 3*c - 0*c - 12, 0 = 2*g - 5*c + 19. Suppose g*k = -5*f - 0*f + 26, -3*k = f - 10. What is the units digit of k?
2
Suppose -5*d = 178 - 3. Let m = -15 - d. What is the units digit of m?
0
Let l(w) = -w**2 + 2*w - 3. Let n be l(2). Let u be (-2 + 3)*n/(-1). Let j = u + 0. What is the units digit of j?
3
Let u(c) = c**3 + 9*c**2 + 7*c. Let j(s) = s**3 + 5*s**2 + 3*s - 3. Let b be j(-3). Let p = -2 - b. What is the units digit of u(p)?
8
Let p(d) = -d**3 - 15*d**2 + d + 17. Let h be p(-15). Suppose -5*v + 0*w = -h*w - 72, -2*v + 24 = 4*w. What is the units digit of v?
4
Let x(l) = 15*l**2 + l + 1. Let a be x(-1). Let m(b) = -b**2 - 8*b - 12. Let p be m(-6). Suppose -5*y = -a - p. What is the units digit of y?
3
Suppose z - 4*z = 45. Let w be 13/(-5) - (-6)/z. Let s = w + 4. What is the units digit of s?
1
Let s(p) = p**2 - 8*p - 9. Let t be s(9). Suppose 2*c + t*c = 28. What is the tens digit of c?
1
Suppose 2*n - 2*k - 29 = 3*k, -43 = -4*n + 5*k. Suppose -t + n = 2. Suppose 3*d + q - 8 - 8 = 0, 4*d - t*q = 34. What is the units digit of d?
6
Let d(k) = -13*k + 1. Let x be d(2). What is the units digit of 6/10 - 10/x?
1
Suppose 5*h + 13 + 12 = 0. Let w = 14 + h. What is the units digit of w?
9
Let z = 104 + -59. Suppose 4*f - z = 7*f. Let m = f + 22. What is the units digit of m?
7
Suppose -l = 2*k - 28 + 8, -3*l - k = -55. Suppose -2*v + l = -v. Suppose 2*u - s = v, 0 = 4*s + 3 + 5. What is the units digit of u?
8
Suppose 4*w - 38 = 2*p - 3*p, 0 = -p - w + 53. What is the tens digit of p?
5
Suppose 32 = -2*g + 104. What is the tens digit of g?
3
Let p be 186/(-27)*-3*3. Suppose 3*x - p = -17. What is the units digit of x?
5
Suppose -4*r + 29 = -35. What is the tens digit of r?
1
Let h = 151 + 66. What is the units digit of h?
7
Suppose -4*j + 44 = -l, -36 = 4*j - 6*j - 3*l. What is the units digit of j?
2
Let h be (-11)/(4 - 100/24). Let r = -10 + h. What is the units digit of r?
6
Let p(q) = -17*q + 2. Let j be p(-1). Suppose 13 = d - 2*o + 5, -3*d + 4*o + 16 = 0. Suppose d = -4*i + j + 1. What is the units digit of i?
5
Let g(w) = -2*w - 2. Let d be g(-4). Suppose -d = -2*q, -t + q = -0*t - 9. What is the tens digit of t?
1
Let t be 76/16 + (-1)/(-4). Suppose t*b = 4*b - 1. Let a = b + 10. What is the units digit of a?
9
Let q(y) = 19 + 19*y - 19. What is the tens digit of q(1)?
1
Let f(y) = y**2 - y - 2. Let k be f(3). Suppose 3*x = 4*x - k. What is the units digit of x?
4
Let w = 18 - 13. Let j = -1 + 6. Suppose -j*h + 4 + w = 2*t, 0 = -2*t + 3*h + 1. What is the units digit of t?
2
Suppose 0*j - 4*j + 284 = 0. Let m = j - 35. Suppose 6*v - 4*v = m. What is the tens digit of